 + 14, 14 = 3*d - s*a. What are the prime factors of d?
2
Suppose 5*b - 93 = -6*a + 2*a, a = -5*b + 87. List the prime factors of b.
17
Let a = 18 - 9. Suppose 12 = -2*s - v, -3*s + 8*s + 5*v + 30 = 0. Let y = a + s. List the prime factors of y.
3
Let g(x) = 10*x - 8. Let l(o) = -7*o + 5. Let t(m) = 5*g(m) + 7*l(m). Let s be t(7). Suppose -s*j + 3*j - 11 = 0. List the prime factors of j.
11
Let v(s) = 5*s - 19. Let b(p) = -p + 4. Let f(q) = -11*b(q) - 2*v(q). List the prime factors of f(8).
2
Let a(h) = -2*h - 3. Let r be a(5). Let w = -2 - r. What are the prime factors of w?
11
Let h(f) = -2*f. Let k = -1 + 4. Suppose k*v = -12 - 9. List the prime factors of h(v).
2, 7
Let d be 2 + -3 + 0/(-1). Let t be 0 + 2 + -1 + d. What are the prime factors of 3 - (-1)/(t - 1)?
2
Suppose -5*d - 490 = -3*a, d + 460 = 3*a + 2*d. What are the prime factors of a?
5, 31
Let i = 12 + -9. Suppose -19 = -l + 3*s, 2*l + 0*l - i = -s. What are the prime factors of l?
2
Let a = 2 - 2. Suppose a = 3*o - 4*o. What are the prime factors of o + 2 + -3 + 3?
2
Suppose -3*v - 6*a = -2*a - 172, v = 5*a + 32. Suppose -2*f + 0*f = -v. What are the prime factors of f?
2, 13
Suppose 0 = -3*k - 5*a + 6 + 29, -3*a + 13 = k. List the prime factors of k.
2, 5
List the prime factors of (-21)/28 - (-435)/4.
2, 3
List the prime factors of (-2)/(-5) + 3140/25.
2, 3, 7
Let p(w) = w + 4 + 0*w**3 - 5*w**2 - w + w**3 + 5*w. Let i be (2 + -1)*2 - -2. What are the prime factors of p(i)?
2
Let n(i) = i**3 + i**2 - 3*i + 4. Let a be n(-3). Let g(x) = -x**2 - 7*x - 7. What are the prime factors of g(a)?
3
Let o(f) = f**3 + 5*f**2 + 5. Suppose -2*u + u - 5 = 0. Let q be o(u). Suppose 4 = q*p - 26. What are the prime factors of p?
2, 3
List the prime factors of 16 - (1 - (-1 + 5)).
19
Suppose -r = 3*u - 26, 3*r + u = -0*u + 62. What are the prime factors of r?
2, 5
What are the prime factors of ((-12)/9)/((-4)/138)?
2, 23
What are the prime factors of ((-76)/6)/(20/(-270))?
3, 19
Let w(g) = -g**2 + 7*g - 3. Let c be w(6). Suppose 2*i + 18 = -4*a + 50, c*a - 5*i - 50 = 0. List the prime factors of a.
2, 5
Let x(g) be the first derivative of -g**4/4 + 2*g**3 + 9*g**2/2 - 8*g - 2. Let k be x(7). What are the prime factors of 6/((0 + k)/3)?
3
Suppose -5*h + 20 = 0, -4*j + 157 = -5*h + 17. Suppose d + j = 5*d. What are the prime factors of d?
2, 5
Let i be 0/(1/1 + 2). Suppose 0*l - l + 1 = i. List the prime factors of (0 + l)/(1/7).
7
Suppose 128 = 3*p + 5*j, -38 = -p + 5*j - 2. Let b = p + -18. What are the prime factors of b?
23
Let v = 1 - -4. What are the prime factors of (4/v)/((-7)/(-140))?
2
List the prime factors of -2 + (-18)/(-3) - -106.
2, 5, 11
Let g = 245 - 32. What are the prime factors of g?
3, 71
Suppose 4*d - 16 + 4 = 0. Let n = 2 + d. Suppose x - n*c - 5 = 0, -4*x = -0*x + 5*c - 45. List the prime factors of x.
2, 5
Suppose 4*n = u - 3*u + 90, 0 = -4*n - u + 87. What are the prime factors of n?
3, 7
Let s be 14/(2/4*-4). Let g be (7/4)/(1/(-4)). List the prime factors of (1 + s)*g/14.
3
Suppose 0 = 2*m + 2*x - 3*x - 389, 5*m + 4*x - 940 = 0. List the prime factors of m.
2, 3
Let a(i) = i**3 - i**2 - i + 22. List the prime factors of a(0).
2, 11
Suppose -v + 44 = v. List the prime factors of v.
2, 11
Let l(m) = 2*m**3 + m**2 - 3*m + 1. What are the prime factors of l(3)?
5, 11
Suppose 3*v = 6*v + 12. Let z be (-270)/(-33) - v/(-22). Suppose -z - 37 = -5*h. List the prime factors of h.
3
Suppose -l = 4*o - 305 + 44, 5*o = l - 306. List the prime factors of l.
281
Suppose 4*w + 27 - 8 = p, 3*w = -9. Let v(u) = 2*u + 4. What are the prime factors of v(p)?
2, 3
Suppose 75*x = 80*x - 570. What are the prime factors of x?
2, 3, 19
Let k(j) = 2*j**3 - j**2 - j - 2. Let y be k(2). List the prime factors of -3*y/(-6) + 3.
7
Let w = 8 + 2. Suppose m - 3*m - 4 = -y, y = -5*m - w. List the prime factors of m/7 - (-298)/14.
3, 7
Let m(s) = -s**2 - 9*s + 16. Let z be m(-11). Let a = z + 8. What are the prime factors of a?
2
Let r(f) = -15*f**3 - f**2 + 2*f - 2. Let l be r(2). Let m = -85 - l. What are the prime factors of m?
37
Let w be 4/(-6) - (-8)/12. Suppose 2 = -n - w. List the prime factors of (-2)/(n/3)*1.
3
Let g(u) = u**3 - 7*u**2 + u + 3. Let p be (10/(-5))/(2/(-7)). List the prime factors of g(p).
2, 5
Let f be -4 + (2 - (5 + -3)). What are the prime factors of -4*f/((-32)/(-18))?
3
Suppose -3*g + 5 = -4. Suppose -72 = -g*k + 6. What are the prime factors of k?
2, 13
Suppose 3*z = -f + 35, 3*z + 4*f - 32 = -0*f. What are the prime factors of z?
2, 3
Suppose 5*r = -5*l + 1170 + 280, 3*l + 9 = 0. List the prime factors of r.
293
Let u(x) = 2*x**2 - x - 2. Let z be u(2). Suppose z = -4*s - 4. Let k = 2 - s. What are the prime factors of k?
2
Let i = 130 - 88. List the prime factors of i.
2, 3, 7
Suppose 4*m = 2*r - 9 - 1, -4*r = 5*m + 45. Let i = r + 23. What are the prime factors of i?
2, 3
Suppose -3*p + 49 = 3*o + p, -3*p = -3*o + 21. List the prime factors of o.
11
Let n(g) = -g**2 + 30. Let m be n(0). Let z be m/12*8/5. What are the prime factors of -2*-2*17/z?
17
Let p = -25 - -37. Suppose 2*z + 2*z - p = 0. List the prime factors of z.
3
Let o(i) = -i**2 - 19*i + 34. List the prime factors of o(-15).
2, 47
Let j = -18 - -12. What are the prime factors of ((-10)/j)/(3/9)?
5
Let k be (-12)/(-5) - (-14)/(-35). Suppose -k*y - 40 = -6*y. What are the prime factors of y?
2, 5
Suppose -4*s = 22 - 110. Suppose 0*l = -5*l - d + s, -3*l + 4*d + 4 = 0. List the prime factors of l.
2
Let n be (10/4)/((-1)/(-2)). Suppose 0 = n*h - 3 - 2. Suppose -h - 47 = -3*q. List the prime factors of q.
2
List the prime factors of (-1)/((-2166)/(-723) - 3).
241
Suppose -5*d + d = -288. List the prime factors of d.
2, 3
Let a = -56 - -105. Let q = a + -23. List the prime factors of q.
2, 13
Let f(r) = 2*r**2 - 4*r - 6. Suppose -4*o - 33 = -13. Let a be f(o). Suppose 3*m - a = -n, -16 = -2*m + 4*n + 8. List the prime factors of m.
2, 5
Suppose -2*h + 0*h = 4. Let c = 11 - 6. Let l = c + h. List the prime factors of l.
3
Let l(n) be the third derivative of n**4/24 + n**3/6 - n**2. Suppose -3*f + 4*h = -14, 3*f + 5*h - 12 = 11. What are the prime factors of l(f)?
7
Let k(r) be the second derivative of -r**6/360 + r**5/40 + r**4/6 - 5*r**3/6 + r. Let n(t) be the second derivative of k(t). What are the prime factors of n(3)?
2
Suppose 2*m + 54 = -0*m. Let v = m - -41. List the prime factors of v.
2, 7
Let z = 4 + -4. Suppose 2*g + 9 = 29. Suppose z = 5*k - 60 + g. What are the prime factors of k?
2, 5
Suppose 2*h = -3*q - 2*q - 33, 0 = 5*q + 25. What are the prime factors of h/10 - 468/(-20)?
23
List the prime factors of 6*(-3)/3*-20.
2, 3, 5
Suppose -2*g + 140 = 5*t, -3*t + 5*g - 56 = -5*t. What are the prime factors of t?
2, 7
Suppose 0 = 6*w - 4*w - 50. Suppose 4*q = w + 15. What are the prime factors of (-4 - -1)*q/(-2)?
3, 5
Suppose 2*g = -2*r + 4, -5*g + 2 = r - 0. Let x = 18 - r. List the prime factors of x.
2
Let m be ((-2)/(-3))/((-6)/(-45)). Suppose -m*a - 2 = -4*p, -4*p - a + 8 = -3*a. Suppose 0 = -p*i - x + 24, 3*i - 33 = i + 5*x. What are the prime factors of i?
3
Let y = 37 - -39. Let l be y/(-12) + (-2)/3. List the prime factors of l/(-2) - 2/4.
3
Suppose -2*c + 4*a = -220, 3*c - a - 505 = -2*c. What are the prime factors of c?
2, 5
Suppose 3*y + 14 = y. Let u = 15 + y. List the prime factors of u.
2
Let g = -8 + 14. Suppose -14 - 8 = -5*q - 4*r, -2*r = -g. Suppose -q*k + 0*k + 18 = 0. List the prime factors of k.
3
Suppose 3*z + 118 = 2*n, 2*n - 26 = 5*z + 84. Suppose 55 = 6*l - n. List the prime factors of l.
2, 5
Suppose -4*y = -12, -2*y = -4*m - 0*m + 190. List the prime factors of m.
7
Let s(a) = -31*a**2 - 2*a + 1. Let p be s(1). Let t = -18 - p. List the prime factors of t.
2, 7
Let o(h) = -h**3 - 11*h**2 - 2*h - 12. What are the prime factors of o(-11)?
2, 5
Suppose -9 = -2*i - w, i - 27 = -w - 4*w. Suppose 0 = -4*d - i*l + 184, 4 - 24 = -5*l. What are the prime factors of d?
2, 11
Suppose -2*i = -5*i + 63. List the prime factors of i.
3, 7
Let m be -14*(-3)/12*-2. Let w(q) = q**3 + 9*q**2 + 7*q - 9. List the prime factors of w(m).
2, 5
Let n(l) = -7*l + 51. What are the prime factors of n(-7)?
2, 5
Let g(u) = -u**2 - 8*u. Let y be g(-8). Suppose y = -5*z + 56 + 9. List the prime factor